{"id":778,"date":"2024-05-07T10:04:17","date_gmt":"2024-05-07T10:04:17","guid":{"rendered":"https:\/\/econtent.pedis.uop.gr\/d-ict\/?page_id=778"},"modified":"2024-05-07T10:19:51","modified_gmt":"2024-05-07T10:19:51","slug":"infodef-it","status":"publish","type":"page","link":"https:\/\/econtent.pedis.uop.gr\/d-ict\/?page_id=778&lang=it","title":{"rendered":"INFODEF"},"content":{"rendered":"\n<div class=\"wp-block-media-text is-stacked-on-mobile is-vertically-aligned-top\" style=\"grid-template-columns:15% auto\"><figure class=\"wp-block-media-text__media\"><img loading=\"lazy\" decoding=\"async\" width=\"452\" height=\"186\" src=\"https:\/\/econtent.pedis.uop.gr\/d-ict\/wp-content\/uploads\/2022\/11\/infodef_logo_small.png\" alt=\"\" class=\"wp-image-80 size-full\" srcset=\"https:\/\/econtent.pedis.uop.gr\/d-ict\/wp-content\/uploads\/2022\/11\/infodef_logo_small.png 452w, https:\/\/econtent.pedis.uop.gr\/d-ict\/wp-content\/uploads\/2022\/11\/infodef_logo_small-300x123.png 300w\" sizes=\"auto, (max-width: 452px) 100vw, 452px\" \/><\/figure><div class=\"wp-block-media-text__content\">\n<p>Istituto per la Promozione dello Sviluppo e della Formazione, \u00e8 un centro privato e indipendente per la Ricerca, lo Sviluppo e l&#8217;Innovazione la cui missione \u00e8 ideare e realizzare progetti che contribuiscano al raggiungimento di uno sviluppo sostenibile e inclusivo attraverso l&#8217;educazione, la cultura e l&#8217;innovazione. INFODEF sostiene la modernizzazione dei sistemi educativi e l&#8217;innovazione pedagogica delle istituzioni educative pubbliche e private a livello nazionale ed europeo. INFODEF ha una vasta esperienza nello sviluppo di strumenti innovativi basati sull&#8217;ICT, nella progettazione di metodologie per supportare programmi e pratiche di apprendimento &#8220;work based&#8221;, nuovi strumenti per il riconoscimento e la convalida dell&#8217;apprendimento non formale e informale, metodi di insegnamento innovativi, educazione all&#8217;imprenditorialit\u00e0 , in particolare l&#8217;istruzione e la valutazione della qualit\u00e0 dei programmi educativi. INFODEF \u00e8 partner del cluster AEICE www.aeice.org, un raggruppamento di imprese, centri di ricerca e sviluppo, Universit\u00e0 e Pubbliche Amministrazioni che promuove lo sviluppo sociale ed economico del territorio attraverso la collaborazione, l&#8217;innovazione, l&#8217;internazionalizzazione, la formazione e la comunicazione in vari ambiti : edilizia 4.0, patrimonio, industria manifatturiera e attrezzature, ristrutturazione edilizia, economia circolare, ECCN e ambienti amichevoli. INFODEF ha partecipato o coordinato 75 progetti europei nel campo dell&#8217;innovazione applicata ai giovani, all&#8217;istruzione e alla formazione, finanziati dai programmi Lifelong Learning, Erasmus+ o Horizon 2020 della Commissione Europea.<\/p>\n\n\n\n<ul class=\"wp-block-social-links has-visible-labels is-vertical is-layout-flex wp-container-core-social-links-is-layout-fe9cc265 wp-block-social-links-is-layout-flex\"><li class=\"wp-social-link wp-social-link-chain  wp-block-social-link\"><a href=\"https:\/\/infodef.es\/\" class=\"wp-block-social-link-anchor\"><svg width=\"24\" height=\"24\" viewBox=\"0 0 24 24\" version=\"1.1\" xmlns=\"http:\/\/www.w3.org\/2000\/svg\" aria-hidden=\"true\" focusable=\"false\"><path d=\"M15.6,7.2H14v1.5h1.6c2,0,3.7,1.7,3.7,3.7s-1.7,3.7-3.7,3.7H14v1.5h1.6c2.8,0,5.2-2.3,5.2-5.2,0-2.9-2.3-5.2-5.2-5.2zM4.7,12.4c0-2,1.7-3.7,3.7-3.7H10V7.2H8.4c-2.9,0-5.2,2.3-5.2,5.2,0,2.9,2.3,5.2,5.2,5.2H10v-1.5H8.4c-2,0-3.7-1.7-3.7-3.7zm4.6.9h5.3v-1.5H9.3v1.5z\"><\/path><\/svg><span class=\"wp-block-social-link-label\">Website<\/span><\/a><\/li><\/ul>\n<\/div><\/div>\n","protected":false},"excerpt":{"rendered":"","protected":false},"author":1,"featured_media":0,"parent":0,"menu_order":0,"comment_status":"closed","ping_status":"closed","template":"","meta":{"site-sidebar-layout":"default","site-content-layout":"default","ast-global-header-display":"","ast-main-header-display":"","ast-hfb-above-header-display":"","ast-hfb-below-header-display":"","ast-hfb-mobile-header-display":"","site-post-title":"","ast-breadcrumbs-content":"","ast-featured-img":"","footer-sml-layout":"","theme-transparent-header-meta":"","adv-header-id-meta":"","stick-header-meta":"","header-above-stick-meta":"","header-main-stick-meta":"","header-below-stick-meta":"","footnotes":""},"class_list":["post-778","page","type-page","status-publish","hentry"],"uagb_featured_image_src":{"full":false,"thumbnail":false,"medium":false,"medium_large":false,"large":false,"1536x1536":false,"2048x2048":false,"sow-carousel-default":false},"uagb_author_info":{"display_name":"pedislab","author_link":"https:\/\/econtent.pedis.uop.gr\/d-ict\/?author=1"},"uagb_comment_info":0,"uagb_excerpt":null,"_links":{"self":[{"href":"https:\/\/econtent.pedis.uop.gr\/d-ict\/index.php?rest_route=\/wp\/v2\/pages\/778","targetHints":{"allow":["GET"]}}],"collection":[{"href":"https:\/\/econtent.pedis.uop.gr\/d-ict\/index.php?rest_route=\/wp\/v2\/pages"}],"about":[{"href":"https:\/\/econtent.pedis.uop.gr\/d-ict\/index.php?rest_route=\/wp\/v2\/types\/page"}],"author":[{"embeddable":true,"href":"https:\/\/econtent.pedis.uop.gr\/d-ict\/index.php?rest_route=\/wp\/v2\/users\/1"}],"replies":[{"embeddable":true,"href":"https:\/\/econtent.pedis.uop.gr\/d-ict\/index.php?rest_route=%2Fwp%2Fv2%2Fcomments&post=778"}],"version-history":[{"count":2,"href":"https:\/\/econtent.pedis.uop.gr\/d-ict\/index.php?rest_route=\/wp\/v2\/pages\/778\/revisions"}],"predecessor-version":[{"id":828,"href":"https:\/\/econtent.pedis.uop.gr\/d-ict\/index.php?rest_route=\/wp\/v2\/pages\/778\/revisions\/828"}],"wp:attachment":[{"href":"https:\/\/econtent.pedis.uop.gr\/d-ict\/index.php?rest_route=%2Fwp%2Fv2%2Fmedia&parent=778"}],"curies":[{"name":"wp","href":"https:\/\/api.w.org\/{rel}","templated":true}]}}